3 = -u + 4*p. Let n be (-4)/26 + (-2)/u. Suppose n*v + 4*v = 12. Let y(f) = -f**3 + 4*f**2 - 5*f + 4. What is y(v)?
-2
Let n(l) = -l. Let y be n(-4). Let i be 12/16*-1*y. Let g(p) = 1 - p - 2 - p**2 + 0. What is g(i)?
-7
Let l(n) = -3*n + 5*n - 5*n + 2 + n. Calculate l(-4).
10
Let q be (-20)/(-6) - (-2)/(-6). Let x be (-16)/(-12)*6/4. Let a(k) = 0 + 1 - 2*k**2 + k**3 + 1 - k**x. Determine a(q).
2
Suppose 4*i + 4*g = -40, -23 = -i + 6*i - 4*g. Let z(t) = t**3 + 6*t**2 - 7*t - 7. Determine z(i).
-7
Let l(x) = 4*x**3 + 2*x**2 - x - 3*x**2 + 2*x**2. What is l(1)?
4
Suppose 5*h + 2*u + 24 = -u, 0 = 4*h - 2*u + 6. Let s(k) be the third derivative of k**6/120 + k**5/15 + k**4/12 + k**3/3 + 9*k**2. What is s(h)?
5
Let o(f) = 4*f + 7. Suppose 0 = 8*d - 0*d + 40. Give o(d).
-13
Let p(b) = -b**3 + b**2 + 1. Let k(h) = 7*h**3 - 10*h**2 + 4*h - 6. Let x(l) = -k(l) - 6*p(l). Suppose -v + 1 + 3 = 0. Let i be 287/91 + v/(-26). Give x(i).
-3
Let z(s) = s**2 - 6*s + 6. Let u be z(4). Let y(d) = d**3 + 6*d**2 + 15*d + 4. Let g(l) = -l**2 - 3*l - 1. Let r(x) = 11*g(x) + 2*y(x). Calculate r(u).
-9
Let y(h) = -4 - 196*h**3 - 198*h**3 + 392*h**3 + 2 - h + h**2. Calculate y(2).
-16
Let r(y) = 2 + 0*y + y**2 - 2*y + 0. Calculate r(4).
10
Let p(y) be the first derivative of 8 + 1/2*y**2 - 12*y. Calculate p(6).
-6
Suppose f + 1 = 4*m, 4*m = 5*f + 6 - 1. Let t(w) = -w - 7. Give t(m).
-7
Let p be (6/21)/(4/28). Suppose 12 = -0*w - p*w. Let y(h) = 2*h + 6. Let u be y(w). Let q(f) = -f**3 - 6*f**2 + 2*f + 8. Calculate q(u).
-4
Let w(v) be the second derivative of v**4/12 + 7*v**3/6 + 5*v**2/2 - 4*v. Let i = 3 - 9. Calculate w(i).
-1
Let s(q) be the first derivative of 2/3*q**3 + 2*q - 1 - 3/2*q**2. Suppose 2*w = 0, -5*y = 3*w - 8*w - 10. Give s(y).
4
Let f(x) be the second derivative of x**5/20 + x**4/6 - x**3/2 - 3*x**2/2 + 2*x. Suppose -4*v + 5*v = 0. Let l = -3 + v. What is f(l)?
-3
Let p(w) be the second derivative of -w**5/20 - 7*w**4/12 - 7*w**3/6 + w**2/2 - 4*w. Give p(-5).
-14
Let f(a) = 2*a**3 + 7*a**2 - 25. Let i(t) = -t**3 - 3*t**2 + 13. Let o(r) = -6*f(r) - 11*i(r). Let k be o(-9). Let u(w) = w**2 - 7*w - 4. What is u(k)?
-4
Let i(a) = a - 8. Let x be i(6). Let j = 1 + x. Let z(m) = -4*m + 5. Let d(b) = b - 2. Let c(f) = -8*d(f) - 3*z(f). Calculate c(j).
-3
Let c be ((-9)/(-6) + -2)*18. Let w = -8 - c. Let z(t) be the third derivative of -t**5/6 - t**3/6 - t**2. Determine z(w).
-11
Let v(t) = t**3 - 3*t**2 + 2*t - 1. Suppose -2*p - 4 = -b, -3*b + 2 = -p - 0*b. Let s be ((-1)/(-2)*p)/(-1). Give v(s).
-1
Let f(i) = 18*i**3 - 9*i**2 - 5*i - 3. Let k(d) = -9*d**3 + 4*d**2 + 2*d + 1. Let m be (2/5)/(3/(-15)). Let g(h) = m*f(h) - 5*k(h). What is g(1)?
8
Let w(q) = -q + 9. Suppose -3*d + 2*d + 6 = 0. Give w(d).
3
Suppose 88*x - 16 = 84*x. Let a(f) be the third derivative of -f**6/120 + f**5/15 - f**4/8 - f**3/3 + f**2. Calculate a(x).
-14
Let n(c) = -c**3 + 6*c**2 + 2*c. Suppose -2*w + 4*y + 587 = 57, 4*y + 20 = 0. Let h be w/45 - 2/(-6). What is n(h)?
12
Let i(s) = -s - 7. Let n be i(-5). Let y be 2*(n - 6/(-4)). Let o(r) = -r**3 - r**2 - 1. What is o(y)?
-1
Let j be 0*(-1)/(0 - 1). Suppose -2 = -5*l - 4*i - j*i, -2*l + 5*i = 19. Let z(t) = 2*t - 1. Calculate z(l).
-5
Let f(z) = -2*z - 1 + 2*z + z**3 - z. Calculate f(2).
5
Let l(a) = 2*a - 6. Let y be l(6). Let x(b) = b**2 - 5*b - 6. Let v be x(y). Let r(i) = v*i + 0 + 5*i + 1. Give r(-1).
-4
Let v(u) = 5*u**3 - 5*u**2 - 9*u - 20. Let z(o) = -3*o**3 + 3*o**2 + 5*o + 10. Let d(k) = 4*v(k) + 7*z(k). What is d(0)?
-10
Let x = 53 + -46. Let r(k) = -3*k + 10. Determine r(x).
-11
Let h(g) = 3*g**3 - 2*g**2 - 2*g - 3. Let x(z) = -z**3 + z**2 + 1. Let l(r) = -h(r) - 4*x(r). What is l(3)?
14
Let k(z) be the third derivative of -z**6/120 - z**5/60 - 5*z**3/2 - 2*z**2 + 6. Determine k(0).
-15
Let t(j) be the third derivative of 2/3*j**3 - 1/24*j**4 + j**2 + 0 + 0*j. Determine t(3).
1
Let u(z) be the second derivative of -1/2*z**2 + 2/3*z**3 - 4*z + 0 - 1/6*z**4. What is u(3)?
-7
Let m(o) = o**2 + 5*o - 2. Let k(g) be the first derivative of g**4/4 - 7*g**3/3 + 5*g**2/2 + 2*g - 4. Let p = -6 + 12. Let b be k(p). Calculate m(b).
-6
Let w(n) = n**2 - 7*n + 3. Let t(u) = 7*u**2 + u. Let f be t(-3). Suppose 3*h + 3 = -f. Let k be 6/h + (-88)/(-14). What is w(k)?
-3
Let c(p) = -p - 1. Let t(g) = -g**2 + g - 10. Let i(j) = -4*c(j) + t(j). Give i(5).
-6
Let n be 2/(-6) + 33/(-9). Let h(v) = -2*v - 2. What is h(n)?
6
Let h(d) = -4*d**2 + 4*d + 2 + 5*d**2 + 0. Let m be (6/15)/(2/(-20)). What is h(m)?
2
Let m be (-2 + (-16)/(-2))/2. Let r(o) = o**2 - 5*o + 2. Let q be r(m). Let v(a) be the third derivative of -a**5/60 - a**4/12 + a**3/6 + a**2. Calculate v(q).
-7
Let j(t) = t**3 - 7*t**2 - 7*t + 6. Let c = 81 - 73. Determine j(c).
14
Let g = 9 - 4. Let k(j) = -4*j - 1 + 6*j - g. Suppose 0 = w - 2*w + 4. Give k(w).
2
Let z(h) = -h - 2*h + 2*h. Let q(t) = 4 + 1 - 3 - 3. Let d(w) = q(w) - 6*z(w). Calculate d(-1).
-7
Let s(n) = -n + 6*n**2 - 26 - n**3 + 10 + 16. Determine s(5).
20
Let k(r) = -r**3 - 7*r**2 - 5*r + 3. Let f be ((-5)/10)/((-3)/(-36)). Determine k(f).
-3
Let n(j) = -10 + 3*j - 10 + 19. Let g(i) = i**2 + 5*i - 1. Let l be g(-6). Suppose l*a - 3*a - 2 = 0. Calculate n(a).
2
Let t = 42 + -39. Let k(r) be the second derivative of -1/6*r**t - 5/2*r**2 + 0 - r. What is k(-5)?
0
Let y be 0 + 1 + -2 + 0. Let p be (y/((-2)/(-2)))/1. Let t be p*(7 - 0) - -2. Let c(w) = -w**2 - 5*w - 6. What is c(t)?
-6
Let l(d) = d + d + d + d**3 - 1 - d. Give l(2).
11
Let f(k) = -4*k - 1. Let d(a) = 4*a + 2. Let s(t) = 3*d(t) + 4*f(t). What is s(2)?
-6
Suppose -5*p - 7 = -3*o, 4*p - 10 = 2*o + 3*o. Let i be 2*3/(-6)*o. Let m(y) = -y**3 + 6*y**2. What is m(i)?
0
Let a be -2 + 4/2 + -1. Let l be a + (-1)/((-1)/9). Suppose 4*d + l*x - 3*x = 16, -4*d + x = -16. Let g(s) = s**2 - 5*s + 3. What is g(d)?
-1
Let w be ((-2)/(-4))/(5/30). Suppose 0 = -w*u + 5*z + 28, -5*u - 3 + 33 = -5*z. Let b(r) = -6*r**2 - r + r + u. What is b(1)?
-5
Let x(j) be the third derivative of -j**7/840 - j**6/90 + j**5/120 - j**4/24 - 2*j**3/3 + 3*j**2. Let h(q) be the first derivative of x(q). Determine h(-4).
-5
Let k(p) be the first derivative of -p**2/2 - 5*p - 1. Let m = -128 + 124. Give k(m).
-1
Let r(x) = -x**3 + 5*x**2 + x - 1. Let h = -7 - -10. Let s(u) = u**2 - 3*u. Let l be s(h). Suppose l = -3*n - n + 20. Determine r(n).
4
Let j(n) = 9*n**2 - 2*n + 1. Let p(t) = -t**2 + 3*t + 5. Let c be p(4). Let q be 3/(3/2) - c. What is j(q)?
8
Let i(r) be the third derivative of -1/6*r**4 - 1/6*r**3 + 0 + r**2 + 0*r. Suppose -11 = 5*n + 2*x - 3, 0 = 3*x - 3. What is i(n)?
7
Let m(s) be the third derivative of 1/40*s**5 + 0 - 5/24*s**4 - 1/360*s**6 + s**2 + 0*s + 1/3*s**3. Let h(q) be the first derivative of m(q). Give h(4).
-9
Let q(z) be the second derivative of -z**5/20 + 2*z**4/3 - z**3/3 + 5*z**2/2 - 25*z. Calculate q(8).
-11
Suppose -2*y - 2 = -6. Let a(s) = s - 2. Give a(y).
0
Let z(t) = t + 5. Suppose -2*l - 16 = x - 3*x, x = 2. What is z(l)?
-1
Suppose 5*h + 5*v + 0*v = 30, -4*h = -2*v. Suppose h*c = -c - 18. Let i = c + 7. Let t(a) = 6*a - 1. Give t(i).
5
Let w = -9 + 7. Let c(z) = z**3 + 2*z**2 + z - 1. Calculate c(w).
-3
Suppose 0 = -a - 3*a - 24. Let s(h) = -h**2 - 5*h + 1. Determine s(a).
-5
Let w(u) = -u**3 - 2*u**2 - u + 2. Let t be w(-2). Let n = t - -1. Suppose -n*v + 2*k = 1, 4*v - 4*k = v + 5. Let f(j) = -6*j. What is f(v)?
6
Let b(s) be the first derivative of -s**4/4 + 7*s**3/3 - 4*s**2 + s + 2. Give b(6).
-11
Let b(d) = 8*d + 1. Suppose 0 = 2*t - 0*t - 2. Let y be (-10 - (-3 + t)) + 0. Let o(x) = x + 7. Let m be o(y). Calculate b(m).
-7
Let j(c) = -c**2 + 3*c - 1. Let p(g) = -2*g - 3. Let n be p(-3). Calculate j(n).
-1
Suppose 3*y + 1 = -2. Let v be y/(2 + -1) + 15. Let p = 10 - v. Let a(z) = z - 1. What is a(p)?
-5
Let x(l) be the first derivative of -5*l**3 + l**2/2 - 33. What is x(-1)?
-16
Let r(y) = 5 + 4*y - 12 + 8 - 3*y - 9*y**2. Give r(-1).
-9
Suppose g - 6*g + 45 = 0. Let d be 6/(-9)*g/(-6). Let i(u) = -u + 3 + 2 + d + 0. Give i(3).
3
Let z(b) = -b + 19. Let l be z(13). Let q(g) = l + 49*g - g**3 + 2*g**3 + 4*g**2 - 52*g. What is q(-5)?
-4
Let l(t) = -t**2 + 5*t - 4. Let x(f) = -f**2 - 10*f + 16. Let r be x(-11). Determine l(r).
-4
Let r(x) = x + 4. Le